+ 2 + 69?
47
What is the value of 16 - (-35 - (32 + (-139 - -34)))?
-22
What is the value of (-5 - 37) + (11 + 55 - 110)?
-86
What is the value of -2 + 11 + 81 + (35 - 38) + -4?
83
What is the value of 12 + (2 + (7 - 4) - (-2 - -14)) + 59?
64
What is the value of -3029 + 3034 + 1 + 40?
46
Calculate (-134 - 11) + (-608 - -632).
-121
What is 1 + -46 - (37 + -68)?
-14
192 + -167 + -31 + 9
3
Evaluate -2 + (-1 - -1) + (-6 - -3) - (561 - 556).
-10
What is 33 + (-38 - (33 + -28)) + 0?
-10
Evaluate -53 - (-18 - ((-29 - 26) + 18 + 0)).
-72
Evaluate 15 + -68 + 14 - (-3 + -4 + -2 + 5).
-35
5 + 15 - (105 + -67) - 19
-37
What is 146 + -25 - 30 - (4 + -4)?
91
What is the value of 40 - (-130 + (65 - -59))?
46
Evaluate 12 + 1 + -115 + 63 - -11.
-28
Evaluate 22 + 30 + 2 + (-16 + 0 - (58 + -65)).
45
Evaluate -11 + 22 + 3 - (6 - -2) - 14.
-8
What is the value of (108 + -56 - -54) + -65?
41
What is (-76 - -6) + -33 + 40?
-63
Evaluate -8 + (2 - 24) - (7 - (14 + -1)).
-24
Evaluate 11 + 56 + -18 + -22.
27
What is 41 - (-25 + 46) - (9 + (-8 - -5) + -1)?
15
(1 + -7 - -34) + -144 + 126
10
-13 + -2 + 21 + 57 + -104
-41
Evaluate 88 - (0 + (1 - -13 - (29 - 14 - 6))).
83
What is the value of -18 - (-2 + -7 + 13 + 2 + -5)?
-19
What is -7 + -40 + 94 + -18 + 7?
36
Evaluate -35 - (0 - 51 - -20).
-4
What is the value of -74 + 55 + 47 - 18?
10
Evaluate -8 + -13 + 107 - 37.
49
Evaluate -64 + -22 + 26 - -33.
-27
What is the value of (99 + -122 - (2 + -139)) + (8 + -2 - -3)?
123
(6 - ((0 - -5) + (7 - -92))) + (-13 - -13)
-98
What is 58 - ((-95 - -103) + 13)?
37
Evaluate -16 - ((-11 + -7 - -14) + 21).
-33
What is -3 + -10 + 6 + -2 + -8 + 9 + 29?
21
Evaluate 14 + 3 + (2189 + -2219 - (0 - 103)).
90
(-16 - (-3 + -1) - (-24 - -9)) + 14 + -22
-5
Evaluate -28 + -12 + 70 + 10.
40
Evaluate 14 + -35 + 29 + (1 - 15) - -25.
19
Calculate -23 + (20 - 34 - -144) + -12.
95
What is (13 + (5 - 55) - -23) + (1 - -7) + 1?
-5
What is 3 - (0 - 1) - (40 + -39 + -132 - -66)?
69
Calculate -11 - (-86 + 2 - 45).
118
What is the value of -32 + (4 - 2 - -14) + -72?
-88
What is 0 + -40 + -5 + -35 + 30 + 21?
-29
What is the value of -51 + -1 - (-12 - 44 - -35 - -24)?
-55
-3 - (-4 - -2) - (15 + -24 + 38)
-30
What is the value of -1 - (6 + -3 - 7) - (-10 + 4 + -4)?
13
What is 35 + (-69 - -39) - 4?
1
What is the value of 49 - (-12 + 53) - 48?
-40
-56 - (-1 + -2 - ((-2 - -44) + -64))
-75
What is the value of 0 - (-12 + (-6 - 0) + 12 + -47 + 32)?
21
Evaluate 42 + -47 - (2 - -2) - (12 + (11 - -1)).
-33
What is (-5940 - -5847) + (3 - -138)?
48
Calculate 170 + -115 - (56 - 4).
3
Evaluate -29 - (40 - (-28 + 125)).
28
28 + 34 + -149 + 122
35
What is the value of -55 + (16 - (64 + -105))?
2
What is the value of (1 - (1 - -1 - 114)) + 2420 + -2428 + -13?
92
16 - (21 - (4 - 1) - 51)
49
Evaluate 1485 - 1472 - (-2 + 4 + -11 + 0).
22
What is the value of (9 - (-11 - -19) - -21) + -13 + -1 - 86?
-78
What is 12 + 22 - 10 - (-37 - 33)?
94
Calculate 6 - 0 - (13 + -58 + 18 - 9).
42
Evaluate (0 - 14) + (-13 - 0 - (1142 - 1120)).
-49
What is the value of -48 + (-39 + -26 - -135)?
22
Calculate (-2 - (0 - 1 - 5)) + (-11 - -1).
-6
7 + 18 + -100 + 31
-44
(5936 - 5924) + (0 - (17 + -1)) + (2 - 50)
-52
What is the value of -20 - (-70 + (21 - -1)) - -21?
49
Calculate 52 - (0 + -2 + 1 - -6 - (208 - 206)).
49
What is the value of (15 - -1) + -8 - -10 - 49?
-31
Calculate (-22 - -40) + -153 + (110 - 70).
-95
Evaluate 216 + -168 - (66 - 0).
-18
What is the value of -1 + 0 + 11 - (-34 + -5 - (-259 + 240))?
30
Calculate -12 + 7 + 4 + -6 - ((2 - 3) + -9).
3
Calculate (-5 + 2 - 21 - ((-20 - -38) + -29)) + -70.
-83
What is -85 - (131 + -59 - 73)?
-84
What is the value of 2 + 74 + (-8 + (-12 - -13 - 0) - 4)?
65
Evaluate (-44 - (-150 - -207)) + 163.
62
3 - 0 - ((-17 - (-10 - 0)) + -11)
21
What is (-77 - (-70 + 11)) + -54?
-72
What is 32 + -3 + (-10 - (20 - 10)) + 6?
15
Evaluate (-4 - 8) + (-2 - -22) + 16.
24
What is 4 - 38 - -35 - ((-14 - -2) + -2) - 41?
-26
Calculate 68 + -85 + (47 - -15).
45
28 + 15 + (-21 - -12) + (3 - (-5 + -2))
44
Evaluate (17 - 20) + 68 + -89.
-24
Evaluate (380 - 365) + -5 + (2 - (-1 - -5)).
8
What is 13 + -44 + -17 + 34 + -13 + 13 + 0?
-14
What is the value of (9 + 1 - (-57 + 66 + 54)) + 25?
-28
773 + -743 + (-54 - 5 - 5)
-34
What is -31 + (-10 - 15) + 58 + (-1 - -1 - 8)?
-6
Evaluate 24 + -35 - (4 - 1) - (756 + -881).
111
What is the value of -34 - (2 + -9 + (-8 - (-8 + -2)) + 20)?
-49
What is the value of (19 - (37 + -14)) + (-21 - (-4 + 7))?
-28
Evaluate -3 + -53 + -42 + 47 - -18.
-33
31 + -6 + 42 + -42 + 19
44
What is -40 + 18 - -55 - 2?
31
Calculate 40 + -1 - (-1360 - -1439) - (-4 - 0).
-36
Calculate -16 - (-15 - 12) - (-9 + 16).
4
Evaluate 85 - (-52 - -47 - -59).
31
Calculate -50 - 16 - (-23 + 2 + -2).
-43
(44 - -7 - 37) + -28 + 0 + -2
-16
Calculate (2 + -26 - (192 + -197)) + 70.
51
-14 + (0 - (-3 - (-1 + -16) - 13))
-15
What is 21 + (-88 - -53) - (-1 - -27)?
-40
Calculate -17 - 4 - (-100 + 106).
-27
Calculate -60 - (-38 - (43 - -8)).
29
104 + -35 + -58 + 16
27
Evaluate 1 + 24 + -8 + -8 + -9 + -52.
-52
-33 + 29 + (-9 - (29 - 49))
7
What is the value of 3 + 1 + -3 + 109 + -97?
13
-2 - (19 - (4 + 30) - -89)
-76
What is -16 + -18 + (31 - (-15 - -43))?
-31
What is 12 - ((2 - 0 - -52) + -69 + (118 - 38))?
-53
(8 - 1) + (1 - 1) - (-370 - (102 - 581))
-102
Calculate -115 - (-73 + -17) - (-2 + 53).
-76
What is the value of -17 - (-11 - (18 - -2)) - 21?
-7
Evaluate (34 - 32) + (1 - 3 - (-138 - -82)).
56
Evaluate -2 - -3 - (88 + 20 + -89).
-18
Evaluate 0 - -36 - (-4076 + 4056).
56
What is the value of -33 + -57 + (93 - 25)?
-22
What is the value of 23 + -120 + 43 + 51?
-3
Evaluate 181 - 171 - (1 - -30) - 56.
-77
What is -10 + 0 - -1 - (-1256 + 1152 - (-47 + -2))?
46
What is (27 - 11) + (-99 + 49 - 72)?
-106
What is the value of -9 - (-6 + (51 - 1 - 23) + 2)?
-32
What is -25 + (25 - (41 - 56))?
15
Evaluate 13 - (0 - (-19 + -26 - -24)).
-8
What is (-5 - (-43 + 156)) + 140?
22
What is the value of 6 - -2 - (46 - ((11 - -50) + -11))?
12
What is -10 - -6 - (-10 + 17) - (4 + -160) - 4?
141
What is 12 - (-33 + 2 + 48 + 23)?
-28
-3667 + 3605 + (60 - 1)
-3
Evaluate (-15 + 62 - 2) + -7 - -39.
77
(47 - -1 - 12) + (-4 + 7 - 3)
36
6 - (-12 + 19 + 7 + -1) - -58
51
What is -19 + 5 + (11 - -9 - 29)?
-23
What is 59 + (-106 - (-32 - -2))?
-17
What is (-7 - (-101 - -143)) + 73 + -5?
19
(2 - -31 - 16) + -49 - -21
-11
Calculate (-251 - -13) + 51 - -111.
-76
What is the value of -97 - -93 - (-3 + 17)?
-18
What is the value of -2 - (-12 + 86 + -35 + 24)?
-65
-11 + (-12 - -16) + 105 - (3 - (-4 + -1))
90
(0 - 13) + (-58 - (-26 - (30 - 34)))
-49
Evaluate -89 + -9 + 8 + (-300 - -332).
-58
What is 38 - (-49 - 6) - (-4 - (9 + -5 - -4))?
105
What is (-6 - (-2 + 11 + -6)) + (2 - 4) - -70?
59
Calculate -48 + -5 + 1 - (-6 + (-6 + 1 - -12)).
-53
What is (-3 - 1) + (15 + 1 - (-424 + 409))?
27
Evaluate 7 + -16 + 9 + 1 + 3.
4
What is the value of 91 + -31 + -71 - -22?
11
1 - (0 + 1) - (3254 - 3256) - 7
-5
What is the value of -42 - ((-3 - (-36 + -6)) + (-30 - -11))?
-62
Evaluate (10 + -7 - 15) + (-33 - 22).
-67
What is (16 - 14) + (-7 - -17) + 8?
20
34 + -83 + 30 + (8 + -2 - -8)
-5
Calculate (-45 - 3) + (62 - 42) - -108.
80
12 - (-8 - ((-1 - 3) + 8 - 10))
14
What is (51 - -2) + -65 + -60 + 60 + 81?
69
What is the value of (540 - 523) + -3 + (1 - 2)?
13
Evaluate 14 + (1 - -3 - (53 - 47) - 18).
-6
What is 0 + 2 - (-19 - (-17 - 4)) - (-88 + 10)?
78
Evaluate (-6 - 20) + 8 + 19 - -70.
71
-11 + (-25 - (-37 + 24))
-23
Evaluate 1 - ((-35 - 1) + -1 + (-70 - -81)) - -7.
34
Evaluate 201 + 25 + -110 + (-7 - -1) + (6 - 1).
115
What is the value of 46 - (-6 - ((-11 - (-9 + 3) - 4) + 8))?
51
What is -9 - ((4 + 25 - 0) + -8) - (-17 - -7)?
-20
What is -18 + (54 - ((6 - (-3 + 27)) + 0))?
54
Evaluate -2 + 9 + -11 + (-5 - -8) - 26.
-27
-17 + ((-6 - -1) + -77 - -18) - 19
-100
What is -36 + (-20 - -41) + 23 - 96?
-88
What is the value of 0 + 3 + 14 - (-50 + 26)?
41
-3 + 0 + 51 + -48 + (1 - -69)
70
Calculate 5 - -3 - (4 + 2 - ((-18 - -28) + 7)).
19
Evaluate -18 + 5 + -3 - (47 + (-29 - 18)).
-16
What is (9 - 34 - -2 - -3) + -24?
-44
Evaluate 46 + (52 - 30) + -69.
-1
Evaluate (13 - (3 - (-10 + 24 - 3) - -14)) + 10.
17
Calculate 1 - ((8 - 62) + 0 - (-6 + -5)).
44
What is 21 - (4 + 43) - -76 